978*w + 39952. Determine v(2).
4
Let l(r) = -32*r**2 + 5334*r + 10678. Calculate l(-2).
-118
Let p(r) = -3*r**3 - 6*r**2 + 56*r + 81. Calculate p(-7).
424
Let x(b) = 4*b**2 + 925*b + 35305. What is x(-183)?
-14
Let d(p) = -3291*p + 12083. What is d(3)?
2210
Let a(l) = -2*l**3 - 9*l**2 - 62*l - 141. Give a(-2).
-37
Let g(w) = -58*w**2 - 42921*w - 733. Calculate g(-740).
7
Let z(j) = -j**3 + 45*j**2 - 291*j + 127. What is z(36)?
1315
Let l(k) = -7*k**3 - 28*k**2 - 232*k - 1318. Calculate l(-5).
17
Let u(r) = 906*r - 23038. Calculate u(25).
-388
Let m(b) = -2*b**3 - 14*b**2 + 20*b + 108. Give m(-6).
-84
Let p(f) = 15*f**2 - 895*f + 8979. Give p(10).
1529
Let n(x) = -x**3 - 74*x**2 + 306*x + 240. Give n(-78).
708
Let d(n) = 4*n**2 - 4180*n + 841025. Give d(272).
1
Let g(o) = 3*o**2 + 35199*o + 807986. What is g(-23)?
-4
Let i(f) = -4*f**2 + 512*f + 6524. Calculate i(129).
6008
Let s(w) = -5*w**2 + 8573*w - 42793. Calculate s(5).
-53
Let l(s) = -25*s**3 + 2275*s**2 - 20*s + 2141. What is l(91)?
321
Let m(u) = u**3 + 172*u**2 + 135*u - 6152. Determine m(-171).
4
Let q(l) = -1340*l**2 - 2617*l + 124. What is q(-2)?
-2
Let z(f) = 5*f**3 + 3*f**2 + 32*f - 24. What is z(6)?
1356
Let v(i) = -2*i**3 - 55*i**2 + 486*i - 516. Calculate v(6).
-12
Let p(f) = -f**2 - 438*f - 46701. Determine p(-200).
899
Let c(p) = 4291*p**3 + 20*p**2 - 23*p + 2. Give c(1).
4290
Let a(g) = g**3 - 101*g**2 - 1553*g + 7938. Calculate a(114).
-156
Let v(x) = -59*x**2 + 1788*x - 200. What is v(30)?
340
Let g(j) = -4107*j - 14310. Determine g(-3).
-1989
Let y(j) = -245408*j - 1472436. Give y(-6).
12
Let z(a) = -a**3 + 98*a**2 - 524*a + 5720. Determine z(93).
233
Let d(f) = 474*f**2 + 3766*f - 199. Calculate d(-8).
9
Let d(t) = -2899*t - 26100. What is d(-9)?
-9
Let g(c) = -c**3 - 524*c**2 + 630*c + 55120. Give g(-525).
-5
Let t(n) = -7499*n - 52463. Calculate t(-7).
30
Let g(z) = z**3 + z**2 - 1056*z + 4732. Calculate g(-35).
42
Let t(a) = -14*a**3 - 21*a**2 - 208*a + 210. Calculate t(1).
-33
Let j(p) = -2*p**3 + 173*p**2 - 72*p + 1790. Give j(86).
2994
Let h(a) = a**3 + 4*a**2 + 73*a + 318. Determine h(-4).
26
Let f(h) = -555035*h + 19426216. What is f(35)?
-9
Let w(k) = -1992*k - 17959. Give w(-9).
-31
Let i(g) = 10922*g + 208291. Calculate i(-19).
773
Let q(g) = 13617*g - 136162. Give q(10).
8
Let s(x) = 10489*x + 1300630. Calculate s(-124).
-6
Let f(c) = c**3 + 272*c**2 + 3613*c + 281. What is f(-258)?
23
Let v(u) = -81*u - 2303. Calculate v(-27).
-116
Let t(r) = -5892*r + 335841. What is t(57)?
-3
Let f(m) = -m**2 + 35*m + 14268. What is f(-95)?
1918
Let z(v) = -v**2 + 13870*v - 14303258. What is z(1122)?
-2
Let y(b) = b**3 - 266*b**2 + 1558*b + 506. Determine y(260).
-14
Let q(c) = -9435*c - 48171. Give q(-5).
-996
Let z(w) = -w**3 - 16*w**2 + 74*w + 87. Determine z(0).
87
Let r(b) = -24*b**2 + 516*b - 3065. Give r(6).
-833
Let h(f) = 3790*f + 83373. What is h(-22)?
-7
Let v(r) = -2*r**2 - 719*r - 53794. Give v(-253).
95
Let x(k) = 3*k**2 + 4054*k + 680291. Determine x(-1155).
-4
Let x(i) = 11*i**2 + 6175*i + 255602. Give x(-45).
2
Let p(t) = -t**3 - 1227*t + 307. What is p(0)?
307
Let c(j) = 3985*j - 135488. Calculate c(34).
2
Let n(i) = -i**3 + 328*i**2 + 4422*i + 3742. Give n(341).
-9
Let w(j) = 530*j**2 - 4275*j + 288. Determine w(8).
8
Let o(g) = 6*g**3 + 266*g**2 + 2191*g - 85. What is o(-11)?
14
Let i(z) = 208*z**2 + 1456*z + 9. Determine i(-7).
9
Let v(b) = 31*b**3 + 215*b**2 - 103*b - 789. Calculate v(-7).
-166
Let a(m) = -2*m**2 - 399*m - 18311. Calculate a(-72).
49
Let y(r) = 174828*r - 8391771. Give y(48).
-27
Let l(c) = -2*c**3 + 577*c**2 + 3045*c + 546. Calculate l(-5).
-4
Let s(w) = 450*w**3 - 2*w**2 - 9681*w + 9683. Give s(1).
450
Let b(y) = y**3 + 50*y**2 + 78*y - 1281. Calculate b(-47).
1680
Let c(z) = z**3 + 157*z**2 - 3340*z + 52. What is c(19)?
128
Let x(t) = 32*t**3 + 47*t**2 + 43*t - 5. What is x(-1)?
-33
Let i(p) = -28*p**3 - 108*p**2 + 13*p - 55. Give i(-4).
-43
Let x(h) = h**3 + 48*h**2 - 189*h - 3769. What is x(-50)?
681
Let n(k) = -k**3 + 47*k**2 + 416*k + 1788. Give n(55).
468
Let g(o) = -8*o**2 - 535*o + 100. Give g(-17).
6883
Let q(n) = 8*n**2 - 83*n - 134. What is q(17)?
767
Let p(i) = 2*i**3 - 85*i - 655. Give p(-8).
-999
Let d(j) = j**3 + 19*j**2 - 9*j + 182. Give d(-21).
-511
Let k(z) = -2*z**2 + 237772*z - 1426577. Determine k(6).
-17
Let r(g) = 614*g + 18137. Calculate r(-25).
2787
Let y(t) = -708*t - 191875. Calculate y(-271).
-7
Let z(q) = -q**3 + 135*q**2 - 3898*q - 478. What is z(93)?
266
Let o(t) = 53*t - 946. What is o(41)?
1227
Let m(r) = -2*r**2 + 104*r - 1981. Determine m(38).
-917
Let g(v) = v**3 + 56*v**2 + 763*v + 56. Determine g(-24).
176
Let n(k) = -k**3 + 1755*k**2 - 7002*k - 12. Calculate n(4).
-4
Let p(c) = 1061*c - 30820. Give p(28).
-1112
Let n(o) = 34777*o + 8. Calculate n(0).
8
Let b(n) = 975*n**3 + 38*n**2 - 14*n + 15. Give b(1).
1014
Let d(j) = -3*j**2 + 3422*j - 268226. Give d(1056).
-2
Let d(v) = -v**3 + 628*v**2 + 531*v + 61645. Determine d(629).
3
Let i(s) = -s**2 - 103*s - 2452. Determine i(-66).
-10
Let t(m) = -11410*m + 159489. Determine t(14).
-251
Let d(x) = 5*x**2 - 163*x + 1616. Determine d(17).
290
Let z(r) = -2*r**3 - 117*r**2 + 1037*r + 231. Calculate z(8).
15
Let c(h) = -2*h**2 - 101*h + 15124. Calculate c(65).
109
Let g(t) = -235661*t + 4477558. What is g(19)?
-1
Let j(v) = -23*v**2 + 1881*v + 1768. Determine j(83).
-556
Let w(d) = -23*d**2 + 706*d - 5261. What is w(13)?
30
Let u(q) = -142520*q + 11. What is u(0)?
11
Let j(l) = 5208*l + 161451. Determine j(-31).
3
Let d(l) = l**3 - 25*l**2 - 142*l - 308. What is d(30)?
-68
Let d(t) = -6*t**2 - 508*t - 4470. Calculate d(-10).
10
Let c(h) = -92173*h - 645242. Determine c(-7).
-31
Let h(p) = 2*p**2 + 1478*p + 38482. Give h(-27).
34
Let c(v) = 4*v**2 - 20*v - 86. Give c(6).
-62
Let u(s) = -s**3 + 19*s**2 + 396*s + 71. Give u(-11).
-655
Let o(a) = 2*a**3 + 6*a**2 - 369*a + 272. Give o(12).
164
Let w(t) = 4*t**3 - 40*t**2 - 122*t - 42. Calculate w(-3).
-144
Let y(c) = -5*c**2 + 1156*c + 11858. Calculate y(241).
49
Let n(s) = s**3 + 415*s**2 - 2193*s + 458. What is n(5)?
-7
Let f(j) = -j**2 - 487*j - 47722. Determine f(-351).
14
Let f(g) = -g**3 - 24*g**2 + 33*g + 714. What is f(-24)?
-78
Let u(i) = -i**2 - 1009*i - 81866. Give u(-89).
14
Let s(j) = j**3 + 245*j**2 + 6543*j - 205034. Determine s(-209).
-5
Let u(k) = -13452*k + 254979. Determine u(19).
-609
Let b(p) = -7393*p - 206996. Give b(-28).
8
Let x(h) = -600*h + 31856. Determine x(53).
56
Let t(i) = 27388*i - 383579. Calculate t(14).
-147
Let n(q) = -4826*q - 1510534. Determine n(-313).
4
Let g(i) = i**3 + 164*i**2 + 367*i - 1400. Determine g(2).
-2
Let b(i) = -75*i**2 + 349*i - 69. Give b(4).
127
Let i(m) = -264*m**2 - 20*m - 29. Give i(-2).
-1045
Let z(r) = 3199*r + 47228. Give z(-15).
-757
Let z(k) = 153*k - 130. Calculate z(0).
-130
Let s(i) = -i**3 + 151*i**2 + 2221*i - 18544. Give s(6).
2
Let x(t) = 4*t**2 - 331*t + 641. Give x(2).
-5
Let i(r) = 13060*r - 52238. What is i(4)?
2
Let p(v) = -2*v**3 + 2416*v**2 - 322818*v - 1831. Determine p(153).
5
Let x(i) = i**2 + 45*i + 286. Give x(7).
650
Let j(x) = 779*x + 348295. Determine j(-447).
82
Let l(s) = 17752*s + 35573. Determine l(-2).
69
Let t(z) = -595*z + 4558. Give t(6).
988
Let a(r) = r**3 - 3*r**2 + 131*r - 27. What is a(0)?
-27
Let k(v) = -344*v - 14558. Calculate k(-41).
-454
Let n(o) = -701084*o + 11217327. Calculate n(16).
-17
Let x(m) = 7738*m - 23221. Determine x(3).
-7
Let s(r) = -2*r**2 - 1862*r - 164733. Calculate s(-99).
3
Let x(v) = -v**3 + 54*v**2 + 156*v + 561. What is x(57)?
-294
Let n(h) = 84*h + 2762. Calculate n(-45).
-1018
Let y(n) = 409*n + 4341. What is y(-12)?
-567
Let a(c) = -91*c + 895. What is a(5)?
440
Let a(r) = -10*r**2 + 217*r + 2784. What is a(-9)?
21
Let c(i) = -2768*i + 578914. Give c(209).
402
Let y(p) = -280*p - 31987. Calculate y(-107).
-2027
Let j(a) = -a**2 - 1643*a - 30899. Calculate j(-19).
-43
Let t(u) = 4*u**2 - 1347*u - 13872. Determine t(-10).
-2
Let n(o) = o**3 - 20*o**2 - 287*o - 185. Determine n(-10).
-315
Let f(v) = -2*v**3 - 2585*v**2 - 345*v - 2117939. Give f(-1293).
-5
Let j(l) = -l**2 - 29445*l + 2243609. Determine j(76).
13
Let s(c) = -3597*c - 525160. Calculate s(-146).
2
Let s(f) = 12*